 5*u. What is the highest common factor of u and 21?
7
Let z(h) = h - 1. Let b(f) = f**2 - 40*f + 15. Let l(u) = -b(u) - 6*z(u). Let d be l(10). What is the greatest common divisor of 33 and d?
33
Let m(x) = -9*x**2 - 3*x**2 + 13*x**2 + 4*x. Let v(q) = q - 12. Let g be v(0). Let y be m(g). Calculate the highest common divisor of 12 and y.
12
Let f be (0 + -3 + 4)*0. Suppose -14*b + 12*b + 432 = f. Let r = -48 + 72. What is the highest common factor of r and b?
24
Let v(s) = -s**2 - 6*s + 60. Let k be v(-9). What is the highest common divisor of k and 33?
33
Let j be (8/26)/(-2) - 1182/(-78). Suppose -2*v = -5*v + 6. Let z be 30 + v + (-2)/1. Calculate the greatest common factor of z and j.
15
Let b(y) = -y**3 - 4*y**2 - 8*y - 6. Let a be b(-6). Calculate the highest common factor of 152 and a.
38
Suppose -y = 5*z - 1, -6 - 19 = -5*y - 5*z. Let l be y/(-8) + (-8 - (-630)/8). What is the highest common factor of 14 and l?
14
Let x(v) = -4*v - 4. Let q be x(-4). Let n be (-38)/(-14) + 12/42. Suppose -n*u + 4 = -i - 1, -2*i + u = -5. What is the greatest common divisor of i and q?
4
Suppose -r + 0*r = -3. Let k be (57 + 1 + 3)/1. Suppose 66*i - k*i = 60. What is the greatest common divisor of i and r?
3
Let y(r) = 31*r + 80. Let m be y(0). Let v(d) = -20*d. Let h be v(-2). What is the greatest common divisor of m and h?
40
Let h(j) = 2*j**2 + 16*j + 16. Suppose 0 = -11*y + 6*y - 60. Let z be (-18)/4*(-32)/y. Let s be h(z). What is the greatest common factor of 14 and s?
14
Let i = -54 + 73. Suppose -15 + i = 4*p. What is the highest common divisor of 4 and p?
1
Suppose 68 = 23*f - 6*f. Calculate the greatest common factor of 1 and f.
1
Let q(h) = 29*h - 7. Let w = -12 + 15. Let s be q(w). Calculate the greatest common factor of 32 and s.
16
Let h = -6 - -15. Suppose 0 = -v + 5, -4*n + 3*v = -7*n + 24. Suppose 0 = -5*p, n*l = p + 26 + 28. Calculate the highest common divisor of h and l.
9
Let a(n) = 47*n + 105. Let l(h) = -16*h - 35. Let s(c) = -6*a(c) - 17*l(c). Let b be s(-5). What is the greatest common divisor of 165 and b?
15
Suppose -7*m + 2721 = 313. What is the highest common factor of m and 8?
8
Suppose 3*o - 22 = -64. Let y(h) = -2*h - 17. Let x be y(o). Calculate the greatest common divisor of x and 22.
11
Let t(u) = -u**3 - 33*u**2 - u + 67. Let l be t(-33). Calculate the highest common factor of 575 and l.
25
Suppose 0 = 77*x - 83*x + 96. Let l(o) = -2*o - 2. Let q be l(-2). Suppose -b - 40 = -q*b. What is the highest common factor of b and x?
8
Suppose 121*s - 125*s = -200. Calculate the greatest common factor of 30 and s.
10
Let n = 9 + -15. Let m(b) = -b**2 - 7*b + 7. Let z be m(n). Suppose 3*a + 4*c - 39 = 0, -a - z = -2*a + 4*c. Calculate the highest common divisor of 13 and a.
13
Let f = 197 + -107. Suppose -a - 3*x + x = 1, 2*a = x + 23. Calculate the highest common divisor of a and f.
9
Let r be (56/(-20))/7*-400. Let z = -3 - -63. Suppose -4*s = -s - z. What is the greatest common divisor of s and r?
20
Suppose 0*c - 4*c = -240. Let a be 1470/441*(-36)/(-10). Calculate the highest common divisor of c and a.
12
Let w be ((-2)/(6/11))/(((-299)/117)/23). Suppose 4*b + 5*z - 196 = 0, -2*z + 146 = 3*b + 2*z. Let j = b - 32. Calculate the highest common divisor of w and j.
11
Suppose 0 = -80*c + 82*c - 3*a - 95, 2*a = -4*c + 214. What is the greatest common factor of c and 13?
13
Let h = -74 - -77. Suppose -4*v - k = -173, h*k + 46 + 51 = 2*v. Calculate the highest common factor of 484 and v.
44
Let g be (25/3)/((4/2)/192). Suppose 0 = -3*n + 13*n - g. What is the greatest common factor of n and 32?
16
Let k(j) = j + 19. Let h be k(33). Calculate the greatest common factor of 8 and h.
4
Suppose -3*a + 16 = -0*v + 4*v, 0 = -4*a + 2*v + 36. Let q be 4/a + (-63)/(-2). Suppose o - q = -o. Calculate the highest common divisor of 16 and o.
16
Suppose p + 88 = 5*x, 6*p = 8*p - 4. Suppose -3*f + 58 = -b - 208, 3*b - 12 = 0. What is the highest common factor of x and f?
18
Let l = -9 + 17. Let x be (-62)/(-8) + 2/l. Suppose -7*a + 11*a = x. What is the greatest common divisor of a and 22?
2
Let i = 849 - 765. What is the greatest common factor of i and 228?
12
Suppose -y = y - 84. Let q(o) = -6*o**3 - 5*o**2 - 4*o - 3. Let w be q(-3). Let z be 0 + (-43)/(-3) - 42/w. What is the highest common divisor of y and z?
14
Let b = 11 - 9. Suppose 5*h - p - 421 = 0, -h + 69 = b*p - 6*p. What is the greatest common factor of 34 and h?
17
Let n = -28 - -36. Suppose -n*w + 580 - 20 = 0. What is the greatest common factor of w and 14?
14
Let k be 2*(-2 + 0)*20349/(-102). What is the highest common divisor of k and 76?
38
Let q be (3 + 17)/5 - -48. What is the greatest common divisor of q and 26?
26
Suppose f + 5 = 13. Let n be (f/(-10))/(2/(-10)). Let q(i) = 11*i - 483. Let z be q(44). Calculate the greatest common factor of z and n.
1
Suppose 0 = 3*i - 9 + 6. Let z be (-27)/((-21)/12 + i). Let n = z - 26. Calculate the highest common divisor of n and 25.
5
Suppose -2*x + 3*l = 2*l - 96, 233 = 5*x + l. Let p = x + -32. What is the highest common factor of 10 and p?
5
Let b(a) = a**3 + 8*a**2 + 9*a + 18. Let f be b(-7). Let j(g) = -g**3 + 6*g**2 - 6*g + 16. Let t be j(f). Calculate the highest common factor of 12 and t.
12
Suppose 33 + 147 = 3*a. Let p be (9/4)/(9/a). What is the greatest common divisor of p and 15?
15
Let h be 32/(-48) + 17/3. Suppose 9 = 6*g - h*g. What is the greatest common divisor of 9 and g?
9
Let m be 39/(2/((-120)/(-45))). Suppose -2*k - p = -157, -6*k + 386 = -k - 4*p. Calculate the highest common divisor of k and m.
26
Let s be 7 - 1 - 7/7. Suppose -3*k + 249 = 5*r, 5*k - 88 = -s*r + 167. Let u = -15 + 21. What is the greatest common divisor of u and r?
6
Suppose -3*s = 3*s - 90. Let r(k) = -k**2 + 16*k - 14. Let b be r(s). Calculate the highest common divisor of b and 7.
1
Let f = -254 - -276. Suppose -12 = 5*p - 147. Let r = p - f. What is the greatest common factor of 10 and r?
5
Suppose -4*v + 4 = 0, -5*v + 130 = p - 6*p. Let o = p + 52. Let a = o - 21. What is the highest common divisor of 30 and a?
6
Suppose 0 = -5*q + 47 + 33. Calculate the greatest common divisor of q and 28.
4
Let u(w) = -13*w**2 - 2 + 2*w**2 - 5*w - 2*w**3 + 4*w**2 - 9*w**2. Let p be u(-8). Calculate the greatest common factor of p and 114.
38
Let k(y) be the first derivative of 2*y**3/3 + 2*y**2 + 5*y + 4. Let f be k(-4). Let r = 24 - f. Calculate the greatest common divisor of r and 9.
3
Suppose 0 = 53*y - 1039 - 551. Suppose 0 = 7*m - 3*m - 240. What is the greatest common divisor of y and m?
30
Let w(k) = 73*k + 15. Let l(f) = 36*f + 7. Let a(u) = 5*l(u) - 2*w(u). Let j be a(7). Calculate the greatest common divisor of j and 27.
27
Suppose c - 7*u + 4*u - 66 = 0, -c + 60 = 3*u. Let d = 38 - 29. Calculate the greatest common factor of c and d.
9
Let x be 13/11 - (-26)/(-143). Let c be -3*(0 - 1)/x. Calculate the greatest common divisor of 4 and c.
1
Let k(u) = -7 - 45*u + 89*u - 45*u. Let z be k(-5). Let j = z - -14. What is the greatest common factor of 12 and j?
12
Let x(s) = s**3 - 3*s**2 + 28*s - 6. Let n be x(9). Calculate the greatest common divisor of 24 and n.
12
Let j(q) = -q**3 - 5*q**2 + 5*q - 20. Let z be j(-6). Let l be z/(-35) - ((-38)/5 - 0). What is the greatest common factor of 64 and l?
8
Let p = 227 + -212. What is the highest common divisor of p and 135?
15
Let u = 69 - 0. Suppose 0 = 2*a + 20*x - 17*x - 98, 3*a - 3*x - 132 = 0. What is the highest common factor of a and u?
23
Suppose 4*h = f + 154, f - 198 = -5*h + 5*f. Let s(m) = m**3 - m + 48. Let u be s(0). Let b = u + -29. What is the highest common factor of h and b?
19
Let m be 2/(-4) - 4125/(-66). What is the highest common divisor of 6 and m?
2
Suppose 75*s - 57155 = 168445. What is the highest common divisor of s and 94?
94
Let j(i) = 4*i. Let b be j(-3). Let u be (40/3)/((-8)/b). What is the greatest common factor of u and 220?
20
Suppose -3*i + 11 + 7 = 0. Suppose 679 = 77*d - 1631. What is the highest common factor of d and i?
6
Let q be ((-2280)/(-150))/(6/75). What is the highest common divisor of q and 152?
38
Suppose -10*i + 6*i - 4*m = -1048, 3*i - 2*m = 766. What is the greatest common factor of i and 12?
6
Let b = 15 + -19. Let m be (84/9)/(b/(-6)). Calcu